factor of 2742870?
True
Is 702037 a multiple of 11?
False
Does 4 divide 253950?
False
Is 60 a factor of 11517420?
True
Is 37318 a multiple of 3?
False
Is 89254 a multiple of 11?
True
Does 240 divide 1076400?
True
Does 231 divide 17743?
False
Is 17 a factor of 16910793?
False
Is 10 a factor of 1011160?
True
Does 831 divide 2917686?
False
Does 310 divide 264684?
False
Is 6497770 a multiple of 10?
True
Is 11 a factor of 2006693?
False
Is 1648458 a multiple of 882?
True
Is 1573115 a multiple of 313?
False
Does 76 divide 4267537?
False
Does 33 divide 1207437?
True
Is 431 a factor of 2235850?
False
Does 192 divide 908544?
True
Is 441186 a multiple of 21?
False
Is 238693 a multiple of 13?
True
Is 13669758 a multiple of 74?
False
Does 7 divide 1080?
False
Is 2157152 a multiple of 32?
True
Is 278 a factor of 209612?
True
Does 35 divide 1163214?
False
Does 270 divide 6472440?
True
Does 190 divide 752780?
True
Is 13291 a multiple of 68?
False
Does 30 divide 76693?
False
Is 1052885 a multiple of 69?
False
Is 3641581 a multiple of 877?
False
Is 5 a factor of 43500?
True
Does 203 divide 780941?
True
Is 388440 a multiple of 249?
True
Is 157164 a multiple of 84?
True
Is 3 a factor of 15074?
False
Is 4056251 a multiple of 25?
False
Is 26771 a multiple of 32?
False
Does 402 divide 131611?
False
Does 3 divide 296966?
False
Does 450 divide 151200?
True
Is 470640 even?
True
Is 6728328 a multiple of 306?
True
Is 1133184 a multiple of 416?
True
Is 10 a factor of 443800?
True
Is 6 a factor of 258?
True
Is 19 a factor of 2026502?
True
Does 569 divide 5202618?
False
Is 68 a factor of 34272?
True
Is 188782 a multiple of 9?
False
Is 6370000 a multiple of 98?
True
Is 10 a factor of 425620?
True
Is 19 a factor of 3586191?
False
Is 527858 a multiple of 90?
False
Does 13 divide 2286747?
False
Is 303666 a multiple of 214?
True
Is 655520 a multiple of 16?
True
Is 6939066 a multiple of 57?
True
Is 713 a factor of 560418?
True
Is 13 a factor of 7590804?
True
Is 48 a factor of 39456?
True
Is 2706845 a multiple of 419?
False
Is 9190613 a multiple of 33?
False
Does 210 divide 1894620?
True
Does 359 divide 178782?
True
Is 22842 a multiple of 486?
True
Is 386364 a multiple of 186?
False
Does 4 divide 2415?
False
Does 214 divide 142688?
False
Is 4482114 a multiple of 42?
True
Is 29880 a multiple of 20?
True
Is 9147431 a multiple of 24?
False
Does 4 divide 2930505?
False
Is 17 a factor of 55947?
True
Does 318 divide 324996?
True
Is 264 a factor of 2071344?
True
Does 34 divide 48518?
True
Does 62 divide 333987?
False
Is 28 a factor of 51216?
False
Is 140 a factor of 46480?
True
Is 1952223 a multiple of 273?
True
Does 753 divide 1169528?
False
Does 92 divide 334236?
True
Is 44711 even?
False
Is 3057912 a multiple of 351?
True
Does 2 divide 10549?
False
Is 51480 a multiple of 22?
True
Is 51773 a multiple of 16?
False
Is 10963386 a multiple of 14?
True
Does 81 divide 13203?
True
Is 12 a factor of 768516?
True
Is 8952690 a multiple of 321?
True
Is 11316 a multiple of 6?
True
Is 4714038 a multiple of 54?
True
Is 3387900 a multiple of 75?
True
Does 45 divide 5717196?
False
Does 5 divide 81699?
False
Is 151 a factor of 457931?
False
Is 76 a factor of 147060?
True
Is 451490 a multiple of 115?
True
Is 3 a factor of 305962?
False
Is 2526400 a multiple of 50?
True
Is 93 a factor of 12090?
True
Is 596777 a multiple of 99?
False
Is 403812 a multiple of 155?
False
Is 410034 a multiple of 74?
True
Is 3701390 a multiple of 847?
True
Does 14 divide 2190169?
False
Is 18122 a multiple of 17?
True
Is 2382947 a multiple of 42?
False
Is 1196426 a multiple of 2?
True
Does 63 divide 7353991?
False
Is 13 a factor of 17485?
True
Is 496 a factor of 1688880?
True
Is 149 a factor of 874380?
False
Is 282370 a multiple of 170?
True
Does 5 divide 2996841?
False
Is 208027 a multiple of 355?
False
Is 10000376 a multiple of 126?
False
Is 107499 a multiple of 13?
False
Is 79 a factor of 534514?
True
Is 39 a factor of 499005?
True
Is 96156 a multiple of 36?
True
Is 2 a factor of 64278?
True
Is 40 a factor of 11620960?
True
Does 195 divide 39195?
True
Is 27 a factor of 2258719?
False
Is 3252530 a multiple of 693?
False
Is 2167935 a multiple of 231?
True
Does 770 divide 280261?
False
Does 23 divide 36261639?
True
Does 55 divide 6949491?
False
Is 165 a factor of 670165?
False
Is 145584 a multiple of 32?
False
Is 218 a factor of 4057198?
True
Is 1142699 a multiple of 189?
False
Does 14 divide 536782?
False
Does 46 divide 3534088?
True
Is 215669 a multiple of 18?
False
Is 6 a factor of 642557?
False
Is 70 a factor of 63070?
True
Does 123 divide 10022538?
False
Is 268948 a multiple of 385?
False
Is 5 a factor of 3842290?
True
Does 218 divide 64612?
False
Is 619905 a multiple of 143?
True
Is 1282502 a multiple of 13?
True
Is 389 a factor of 1406235?
True
Is 33 a factor of 1167527?
False
Is 165289 a multiple of 122?
False
Is 2817960 a multiple of 60?
True
Does 114 divide 2140152?
False
Is 119042 a multiple of 25?
False
Is 35 a factor of 24509765?
True
Is 3999673 a multiple of 46?
False
Does 13 divide 11446552?
True
Is 375856 a multiple of 138?
False
Is 41 a factor of 3908?
False
Is 1731843 a multiple of 8?
False
Is 673417 a multiple of 437?
True
Is 1259 a factor of 2932294?
False
Is 99 a factor of 83622?
False
Is 1679022 a multiple of 62?
True
Does 49 divide 1023869?
False
Is 450 a factor of 2156850?
True
Does 267 divide 355110?
True
Does 163 divide 99919?
True
Does 55 divide 490930?
True
Is 6340698 a multiple of 1029?
True
Is 7 a factor of 1536319?
False
Is 3026488 a multiple of 596?
True
Does 84 divide 285936?
True
Is 2806559 a multiple of 27?
False
Does 831 divide 6461592?
False
Is 254 a factor of 10240518?
True
Does 26 divide 291127?
False
Is 58 a factor of 2682309?
False
Does 86 divide 50568?
True
Does 197 divide 1120555?
False
Does 32 divide 5273619?
False
Does 38 divide 678460?
False
Is 84 a factor of 640371?
False
Is 96 a factor of 223057?
False
Is 8588700 a multiple of 18?
True
Is 466 a factor of 10960937?
False
Is 465 a factor of 29760?
True
Does 20 divide 77420?
True
Does 4 divide 68598?
False
Is 35717 a multiple of 11?
True
Is 420 a factor of 611057?
False
Is 48401 a multiple of 12?
False
Does 57 divide 48522?
False
Is 1255610 a multiple of 11?
False
Does 56 divide 4801608?
True
Is 5335650 a multiple of 426?
True
Does 9 divide 1755819?
True
Is 488831 a multiple of 118?
False
Does 28 divide 1639425?
False
Is 367032 a multiple of 41?
True
Is 20 a factor of 3638480?
True
Does 117 divide 619164?
True
Is 712 a factor of 2826850?
False
Is 5760 a multiple of 10?
True
Does 68 divide 116779?
False
Is 189256 a multiple of 359?
False
Is 79404 a multiple of 78?
True
Does 83 divide 54116?
True
Does 11 divide 4769985?
True
Is 157 a factor of 145068?
True
Is 715 a factor of 6823648?
False
Is 57 a factor of 20357664?
True
Is 14224098 a multiple of 2575?
False
Does 83 divide 11417?
False
Does 250 divide 161500?
True
Is 3453120 a multiple of 32?
True
Is 659 a factor of 10204615?
True
Is 189694 a multiple of 223?
False
Does 36 divide 893980?
False
Does 36 divide 5705028?
True
Is 1729000 a multiple of 35?
True
Is 329670 a multiple of 54?
True
Does 2 divide 110779?
False
Is 427 a factor of 458165?
False
Is 59 a factor of 1275873?
False
Does 10 divide 2955343?
False
Is 112112 a multiple of 26?
True
Is 488 a factor of 189344?
True
Does 43 divide 440965?
True
Is 226 a factor of 496861?
False
Is 3686723 a multiple of 75?
False
Does 5 divide 530240?
True
Is 10569378 a multiple of 12?
False
Is 100 a factor of 33998552?
False
Is 291731 a multiple of 31?
False
Is 217868 a multiple of 31?
True
Is 208 a factor of 3554096?
True
Is 17 a factor of 38508?
False
Is 212404 a multiple of 162?
False
Is 14 a factor of 22544?
False
Does 7 divide 4401271?
True
Is 15 a factor of 14415?
True
Does 28 divide 9621920?
True
Does 21 divide 280035?
True
Does 27 divide 41715?
True
Is 815320 a multiple of 88?
True
Does 25 divide 1564204?
False
Is 2966481 a multiple of 12?
False
Is 467160 a multiple of 102?
True
Does 14 divide 5494112?
False
Is 3664950 a multiple of 25?
True
Is 40 a factor of 533082?
False
Does 5 divide 721927?
False
Is 2641660 a multiple of 45?
False
Does 21 divide 44667?
True
Does 10 divide 134150?
True
Does 76 divide 95312?
False
Is 9744 a multip